(d) = -3*d - 50. Let w be v(11). Let a = w - -86. Suppose -a*c - 566 = -z, -c + 2*c + 1738 = 3*z. Is z prime?
False
Let j = -8706 + 16264. Is j a composite number?
True
Is ((-1)/(-2) + -1)/(10 - (-19178341)/(-1917834)) a composite number?
True
Let c = -303 + 303. Suppose 9*q - 2521 - 5732 = c. Is q composite?
True
Is (3005607/(-2))/(39/(-26)) a composite number?
True
Suppose -14*u - 32*u + 4425657 = 584059. Is u a composite number?
True
Is 2/(-4) - 78/(-12) - -837 a prime number?
False
Let b(x) = -1164*x**2 + 14*x + 13. Let j be b(-1). Let c = j + 2282. Is c a composite number?
False
Suppose 0 = -29*f + 369943 + 1552554. Is f a prime number?
True
Let b = 112 + -110. Suppose -2*q + 20 = b*q. Suppose -q*o + 3*o + f = -2743, -5471 = -4*o - f. Is o composite?
True
Let a(h) = 6*h**2 + 158*h - 193. Is a(17) prime?
False
Let c = 572890 - 284293. Is c prime?
False
Let j(n) = n**2 + 11*n - 16. Let k be j(-11). Let s be (3/4*-2)/(6/k). Is s/(-20) + 4312/10 composite?
False
Suppose -28*i + 146559 = -464765. Is (-10)/(60/18)*i/(-3) composite?
True
Suppose 26 = m + 4*g - 9*g, -12 = -4*g. Let k = m - 58. Let n(r) = 2*r**2 + 25*r - 8. Is n(k) composite?
True
Let y = -99 - -101. Let q be (-38)/(-57)*9/y. Suppose -x + 3*x = 5*m - 2427, 1454 = q*m + x. Is m prime?
False
Let o(f) = 158*f**2 - 4*f + 7. Let h(i) = 475*i**2 - 12*i + 19. Let p(y) = -3*h(y) + 10*o(y). Is p(-8) a composite number?
True
Let w(z) = -3*z - 38. Let d be w(-14). Suppose 0 = -d*k + 3*k + 3. Suppose 3*q - 3*i = 1005, k*q = -5*i + 225 + 796. Is q prime?
True
Let w(y) = 3*y**2 + 13*y - 47. Let r be w(11). Suppose 455*i + 628 = r*i. Is i a prime number?
True
Let n be ((-70)/(-7))/(-2) - (2 + -1). Let u be n/15 - ((-342)/5)/1. Suppose -65*f = -u*f + 879. Is f a prime number?
True
Is 1*(-3)/6 - 4777880/(-80) a prime number?
True
Let m be -1*1/(-6) - (-759)/414. Is (-8 - -8295) + m - 2 prime?
True
Suppose -16*m + 12*m + 441756 = 0. Suppose 0 = 17*b + 4*b - m. Is b a prime number?
False
Suppose -18 = -3*s - m - 293, -2*s + m - 175 = 0. Let g be ((-2445)/s)/(2/12). Suppose x = g - 70. Is x a prime number?
False
Let y(b) = -b**2 - 2*b + 443. Let x(n) = -7*n - 70. Let u be x(-10). Is y(u) a prime number?
True
Let x = 191 - 197. Is (4/(-28))/(x/14)*20301 a prime number?
False
Suppose -89*o = -2093280 - 106919 + 142786. Is o composite?
False
Suppose 1378300 = 35*g - 31*g. Is g/22 - 3/2 a composite number?
False
Let f(h) = -h**2 + 14*h - 10. Let p(j) = -2*j**2 + 27*j - 19. Let l(b) = -11*f(b) + 6*p(b). Let w be l(7). Let z(a) = 201*a - 10. Is z(w) composite?
False
Suppose -123*l + 2081229 = -36992304. Is l a prime number?
True
Let s be (-6)/(-5)*(-5)/(-2). Suppose -s*a - 7*c = -3*c - 101, a - 47 = 2*c. Let i = a + 38. Is i a composite number?
True
Suppose -26 = -6*k + k + 3*j, -k = 3*j + 2. Suppose -k*y - 18 = -7*y. Suppose -915 = -y*b + 3*b. Is b a prime number?
False
Let c(v) = v**3 + 36*v**2 + 15*v - 5. Is c(-19) a composite number?
True
Let w = 1542 - 520. Let u = -600 + w. Is u a composite number?
True
Suppose 6*f = f + 3*f + 148426. Is f prime?
False
Let x = 23 - 13. Let o(j) = -59*j + 660. Let v be o(11). Suppose x*m + 755 = v*m. Is m a composite number?
True
Is 146827 - (20 - 18 - 6) composite?
True
Let v = 20159 - -885660. Is v a prime number?
True
Let y = -1777 + -77. Let i be 116/6*y/12. Let p = 5530 + i. Is p composite?
False
Suppose 40 = 11*n - 3*n. Suppose n*f = -5*d + 15930, -4*d = -14*f + 16*f - 6382. Is f composite?
False
Let r(p) = -344*p - 28. Let f be r(7). Let l be f/(-48)*(1 - -423). Suppose -4*b + l = 10*b. Is b a prime number?
False
Suppose -867 + 16789 = 38*p. Is p a prime number?
True
Let j(v) = -7*v**2 + 2*v + 15. Let q(y) = -13*y**2 + 3*y + 29. Let x(u) = 11*j(u) - 6*q(u). Let n be x(-6). Suppose 222 - 57 = n*z. Is z composite?
True
Suppose x - 2*h = 5130, 7*x - 11*x = 4*h - 20520. Suppose -x = -i + 1081. Is i prime?
True
Let v be (-4)/(-2)*(-59)/(-2). Let d(y) = -78 + 3*y + v - 24*y - 33*y. Is d(-8) prime?
False
Suppose 0 = 3*m + 15, 2*y - 3*m - 2*m + 433 = 0. Let v be y/2*-14 - -1. Suppose 134 + v = 2*d. Is d composite?
True
Let b(s) = -3*s**3 - 2*s**2 + 189*s - 101. Is b(-34) a prime number?
True
Suppose 0 = -542*q + 544*q - 29786. Is q a prime number?
False
Let l = -102087 - -152006. Is l a composite number?
False
Let i(z) = z**2 + 4*z - 21. Let v be i(4). Suppose -2*y + v = 9*y. Is (9 - 8)/(y + 0)*491 prime?
True
Let k(q) = 2*q**2 - 37*q + 83. Let z be k(16). Suppose -4*d - 12 = 0, -d - 2304 = -4*a + z*d. Is a prime?
False
Suppose -5*n + 3*b = -79964, -b - 17414 = -2*n + 14571. Suppose 5*v + 5*i + 771 = n, -5*v + 3*i = -15196. Is v composite?
False
Suppose 3*d + n = 9, 4*d - 5*n = -9 + 2. Suppose p = -3*p + s + 5992, -d*s = -5*p + 7487. Suppose 3*b = -242 + p. Is b composite?
False
Is (-5 - 4) + 2 + 878426 composite?
False
Suppose 4*h - 9008 = -2*i, -6*i - 24 = -10*i. Is h composite?
True
Let a = 2218 + -3466. Suppose 0*o + 7*o = 12467. Let t = a + o. Is t a prime number?
False
Let r(n) = 2*n**2 + 10*n - 22. Let d be r(-7). Let c(h) = h**3 + 2*h**2 + 2*h. Let k be c(3). Suppose d*x - k = 393. Is x composite?
True
Let b = 127656 - 79435. Is b composite?
False
Let t be (8 + 2)*((-5)/2)/(-5). Let z(u) = 7*u**3 + 3*u**2 - u + 46. Is z(t) a composite number?
False
Let k = -2124 - -22045. Is k a composite number?
True
Suppose -319*a + 292*a = -13272957. Is a prime?
True
Suppose 2*y - 1265593 = 5*i - 236059, -4*y + 2058956 = 4*i. Is y a composite number?
False
Let l = -179 + 182. Suppose 4*q - 98647 + 8243 = -l*d, 3*d = 0. Is q a composite number?
True
Let m(n) = -613*n + 412. Let d be (-1)/((-1056)/(-117) + -9). Is m(d) a composite number?
True
Let m = 57 + -16. Let i = 623 - m. Is i*1 + 1/(-1) composite?
True
Let f be (-7)/(35/(-10)) - 20. Is (6/f)/((3/(-2979))/1) prime?
True
Suppose 4*r - 8*r = -36. Let k be 0*(-3)/9 - r. Is 6522/4*-6*1/k prime?
True
Is (1/(-2))/(((-323)/(-428374))/(-17)) a composite number?
False
Let t be 1899/((-12)/136*-1). Suppose 3*l - t = 2*g + 2*g, -5*l + 35856 = -2*g. Suppose 0 = -u - 5*u + l. Is u a prime number?
False
Let s(m) = 4635*m**3 - m**2 + 20*m - 31. Is s(2) composite?
True
Let f(x) = 406*x**2 - 49*x + 1511. Is f(28) a composite number?
False
Let i(p) = 49*p**3 + 5*p**2 - 171*p + 212. Is i(13) prime?
True
Suppose 2*i = 2*x - 12, -35*x - i = -30*x - 18. Is 1026/x - (-22)/44 a composite number?
False
Let z = 155 + -108. Suppose 4*d = 3*o - 14, -2*o + d - 3*d = 0. Suppose o*b - 24 = -2*j, 2*b - z = -2*b - 5*j. Is b a composite number?
False
Is -11 - 2 - (-914154 - 8) a composite number?
True
Let l = 56138 + -34153. Is l a prime number?
False
Let i(m) = 194*m**2 + 7*m + 38. Let f = 147 - 152. Is i(f) prime?
False
Let s = -250 - -246. Is (-12553)/s - (5 - 120/32) a composite number?
False
Suppose -4*x - 3*l = -2*x - 98, 0 = 3*l. Suppose 25 - x = -4*p. Let m(v) = 509*v - 27. Is m(p) prime?
False
Let h = 7912 + -923. Is h composite?
True
Let a(u) = 126*u**2 - 5*u - 131*u**2 + 24 + 12*u. Let d be a(10). Let t = -189 - d. Is t a composite number?
True
Let n = 266 + -259. Is 2 - 3 - 20710/(2 - n) composite?
True
Suppose 4 = r + 3*r. Suppose -3*m = -13 + r. Suppose -m*g = -842 - 2306. Is g a composite number?
False
Let w be (-3 + (-20)/(-5))*41. Suppose -85 - w = -14*r. Is r a composite number?
True
Suppose 3*n - 49 = y - 3*y, -4*n + 63 = 5*y. Let o(t) = -t**2 - 3*t + 3. Let w be o(-3). Suppose -m + w*q = -70, n = -m - 5*q + 47. Is m a composite number?
True
Let w = 89 + -84. Let z(r) = -r**3 + 4*r**2 + 4*r + 8. Let f be z(w). Suppose -2*c + 20545 = f*c. Is c prime?
False
Let b(f) = 131*f - 38. Let j(w) = -66*w + 19. Let a be ((-2)/(-5))/(5/(2 - 27)). Let m(y) = a*b(y) - 5*j(y). Is m(7) prime?
True
Let o(n) = -n**3 - 2*n**2 + 6*n - 7. Let g be o(-4). Is ((-21178)/6)/(g/(-3)) prime?
True
Let t(a) = 1342*a + 69. Let g = 425 + -416. Is t(g) a composite number?
True
Let c = 58 + -164. Let k = 1431 - c. Is k a prime number?
False
Let m be (383/2)/((-10)/1100) + -2. Let k be (-54)/(-243) + m/(-9). Suppose 3*w - z - 1328 = 1038, 0 = 3*w + 4*z - k. Is w a composite number?
False
Let t(a) = 463*a + 5. Let q(m) = -464*m - 5. Let c(z) = 6*q(z) + 7*t(z). Let y be c(-1). Let l = 1321 + y. Is l composite?
True
Let b = 21 + -36. Let u = 7 + b. Let f(x) = -2*x**3